{"id":53,"date":"2021-05-07T17:15:48","date_gmt":"2021-05-07T17:15:48","guid":{"rendered":"http:\/\/127.0.0.1\/OMI%20HAITI\/?page_id=53"},"modified":"2021-05-08T14:27:05","modified_gmt":"2021-05-08T14:27:05","slug":"archives","status":"publish","type":"page","link":"https:\/\/omihaiti.org\/index.php\/archives\/","title":{"rendered":"ARCHIVES"},"content":{"rendered":"\n<p><a href=\"http:\/\/127.0.0.1\/OMI%20HAITI\/wp-content\/uploads\/2021\/05\/Paques-Pascua-OMI-2018.pdf\" target=\"_blank\" rel=\"noreferrer noopener\" aria-label=\"Joyeuses P\u00e2ques 2018 \u00e0 tous les Oblats  (opens in a new tab)\">Joyeuses P\u00e2ques 2018 \u00e0 tous les Oblats <\/a><br><\/p>\n\n\n\n<p><a href=\"http:\/\/127.0.0.1\/OMI%20HAITI\/wp-content\/uploads\/2021\/05\/Message-Noel-OMI-2017.pdf\" target=\"_blank\" rel=\"noreferrer noopener\" aria-label=\"Message pour la f\u00eate de No\u00ebl 2017 aux Oblats d\u2019Ha\u00efti, de Colombie et de Guyane Fran\u00e7aise (opens in a new tab)\">Message pour la f\u00eate de No\u00ebl 2017 aux Oblats d\u2019Ha\u00efti, de Colombie et de Guyane Fran\u00e7aise<\/a><\/p>\n\n\n\n<p><br><\/p>\n","protected":false},"excerpt":{"rendered":"<p>Joyeuses P\u00e2ques 2018 \u00e0 tous les Oblats Message pour la f\u00eate de No\u00ebl 2017 aux Oblats d\u2019Ha\u00efti, de Colombie et de Guyane Fran\u00e7aise<\/p>\n","protected":false},"author":1,"featured_media":0,"parent":0,"menu_order":0,"comment_status":"closed","ping_status":"closed","template":"","meta":{"footnotes":""},"class_list":["post-53","page","type-page","status-publish","hentry"],"_links":{"self":[{"href":"https:\/\/omihaiti.org\/index.php\/wp-json\/wp\/v2\/pages\/53","targetHints":{"allow":["GET"]}}],"collection":[{"href":"https:\/\/omihaiti.org\/index.php\/wp-json\/wp\/v2\/pages"}],"about":[{"href":"https:\/\/omihaiti.org\/index.php\/wp-json\/wp\/v2\/types\/page"}],"author":[{"embeddable":true,"href":"https:\/\/omihaiti.org\/index.php\/wp-json\/wp\/v2\/users\/1"}],"replies":[{"embeddable":true,"href":"https:\/\/omihaiti.org\/index.php\/wp-json\/wp\/v2\/comments?post=53"}],"version-history":[{"count":2,"href":"https:\/\/omihaiti.org\/index.php\/wp-json\/wp\/v2\/pages\/53\/revisions"}],"predecessor-version":[{"id":125,"href":"https:\/\/omihaiti.org\/index.php\/wp-json\/wp\/v2\/pages\/53\/revisions\/125"}],"wp:attachment":[{"href":"https:\/\/omihaiti.org\/index.php\/wp-json\/wp\/v2\/media?parent=53"}],"curies":[{"name":"wp","href":"https:\/\/api.w.org\/{rel}","templated":true}]}}