{"id":39,"date":"2021-05-07T17:14:15","date_gmt":"2021-05-07T17:14:15","guid":{"rendered":"http:\/\/127.0.0.1\/OMI%20HAITI\/?page_id=39"},"modified":"2021-05-07T19:42:54","modified_gmt":"2021-05-07T19:42:54","slug":"celebrations","status":"publish","type":"page","link":"https:\/\/omihaiti.org\/index.php\/celebrations\/","title":{"rendered":"C\u00e9l\u00e9brations"},"content":{"rendered":"\n<p><em>Paroisse\ndes C\u00f4teaux<\/em>:<\/p>\n\n\n\n<ul class=\"wp-block-list\"><li>Du 29 avril au premier mai&nbsp;: Triduum missionnaire en\npr\u00e9paration \u00e0 la c\u00e9l\u00e9bration du jubil\u00e9 du 75<sup>e<\/sup>. <\/li><li>2 mai&nbsp;: Soir\u00e9e Albert Lirette pour honorer la\nm\u00e9moire de et excellent Cur\u00e9 qui a administr\u00e9 la paroisse pendant 21 ans de\n1963 \u00e0 1984.<\/li><li>3 mai&nbsp;: Eucharistie solennelle pour comm\u00e9morer les\n75 ans de pr\u00e9sence oblate dans cette paroisse.<\/li><\/ul>\n\n\n\n<p><em>Paroisse\nSt Eug\u00e8ne des Cayes&nbsp;<\/em>:<\/p>\n\n\n\n<ul class=\"wp-block-list\"><li>25 janvier&nbsp;: Ouverture officielle de l\u2019ann\u00e9e\njubilaire par une c\u00e9l\u00e9bration Eucharistique.<\/li><li>19 mai&nbsp;: en soir\u00e9e, spectacle <em>Ave Maria<\/em> en hommage \u00e0 Saint Eug\u00e8ne.<\/li><li>21\nmai&nbsp;: F\u00eate patronale.<\/li><\/ul>\n\n\n\n<p><em>Mazenod\n\/ Camp-Perrin<\/em>&nbsp;:<\/p>\n\n\n\n<ul class=\"wp-block-list\"><li>18 mai&nbsp;:\nSoir\u00e9e du Souvenir,\nConstitution de l\u2019Amicale de Mazenod et du CSJ et c\u00e9l\u00e9bration des 60 ans de\nsacerdoce de Mgrs Verrier et Rom\u00e9lus.<em>Voir le programme<\/em>.<\/li><li>19\nmai&nbsp;: Messe de cl\u00f4ture des festivit\u00e9s du 75<sup>e<\/sup>.<\/li><\/ul>\n\n\n\n<p><em>Institution\nJean Paul II<\/em>&nbsp;:\n\n6 avril&nbsp;: Messe solennelle \u00e0 l\u2019occasion du\n75<sup>e<\/sup> en pr\u00e9sence de quelques Oblats, des parents et des \u00e9l\u00e8ves de\nl\u2019Institut, qui c\u00e9l\u00e9brait en m\u00eame temps ses 8 ans d\u2019existence.\n\n\n\n<\/p>\n","protected":false},"excerpt":{"rendered":"<p>Paroisse des C\u00f4teaux: Du 29 avril au premier mai&nbsp;: Triduum missionnaire en pr\u00e9paration \u00e0 la c\u00e9l\u00e9bration du jubil\u00e9 du 75e. 2 mai&nbsp;: Soir\u00e9e Albert Lirette pour honorer la m\u00e9moire de et excellent Cur\u00e9 qui a administr\u00e9 la paroisse pendant 21 ans de 1963 \u00e0 1984. 3 mai&nbsp;: Eucharistie solennelle pour comm\u00e9morer les 75 ans de [&hellip;]<\/p>\n","protected":false},"author":1,"featured_media":0,"parent":0,"menu_order":0,"comment_status":"closed","ping_status":"closed","template":"","meta":{"footnotes":""},"class_list":["post-39","page","type-page","status-publish","hentry"],"_links":{"self":[{"href":"https:\/\/omihaiti.org\/index.php\/wp-json\/wp\/v2\/pages\/39","targetHints":{"allow":["GET"]}}],"collection":[{"href":"https:\/\/omihaiti.org\/index.php\/wp-json\/wp\/v2\/pages"}],"about":[{"href":"https:\/\/omihaiti.org\/index.php\/wp-json\/wp\/v2\/types\/page"}],"author":[{"embeddable":true,"href":"https:\/\/omihaiti.org\/index.php\/wp-json\/wp\/v2\/users\/1"}],"replies":[{"embeddable":true,"href":"https:\/\/omihaiti.org\/index.php\/wp-json\/wp\/v2\/comments?post=39"}],"version-history":[{"count":2,"href":"https:\/\/omihaiti.org\/index.php\/wp-json\/wp\/v2\/pages\/39\/revisions"}],"predecessor-version":[{"id":95,"href":"https:\/\/omihaiti.org\/index.php\/wp-json\/wp\/v2\/pages\/39\/revisions\/95"}],"wp:attachment":[{"href":"https:\/\/omihaiti.org\/index.php\/wp-json\/wp\/v2\/media?parent=39"}],"curies":[{"name":"wp","href":"https:\/\/api.w.org\/{rel}","templated":true}]}}

Célébrations

<p><em>Paroisse
des Côteaux</em>:</p>



<ul class="wp-block-list"><li>Du 29 avril au premier mai&nbsp;: Triduum missionnaire en
préparation à la célébration du jubilé du 75<sup>e</sup>. </li><li>2 mai&nbsp;: Soirée Albert Lirette pour honorer la
mémoire de et excellent Curé qui a administré la paroisse pendant 21 ans de
1963 à 1984.</li><li>3 mai&nbsp;: Eucharistie solennelle pour commémorer les
75 ans de présence oblate dans cette paroisse.</li></ul>



<p><em>Paroisse
St Eugène des Cayes&nbsp;</em>:</p>



<ul class="wp-block-list"><li>25 janvier&nbsp;: Ouverture officielle de l’année
jubilaire par une célébration Eucharistique.</li><li>19 mai&nbsp;: en soirée, spectacle <em>Ave Maria</em> en hommage à Saint Eugène.</li><li>21
mai&nbsp;: Fête patronale.</li></ul>



<p><em>Mazenod
/ Camp-Perrin</em>&nbsp;:</p>



<ul class="wp-block-list"><li>18 mai&nbsp;:
Soirée du Souvenir,
Constitution de l’Amicale de Mazenod et du CSJ et célébration des 60 ans de
sacerdoce de Mgrs Verrier et Romélus.<em>Voir le programme</em>.</li><li>19
mai&nbsp;: Messe de clôture des festivités du 75<sup>e</sup>.</li></ul>



<p><em>Institution
Jean Paul II</em>&nbsp;:

6 avril&nbsp;: Messe solennelle à l’occasion du
75<sup>e</sup> en présence de quelques Oblats, des parents et des élèves de
l’Institut, qui célébrait en même temps ses 8 ans d’existence.



</p>

<p>Paroisse des Côteaux: Du 29 avril au premier mai&nbsp;: Triduum missionnaire en préparation à la célébration du jubilé du 75e. 2 mai&nbsp;: Soirée Albert Lirette pour honorer la mémoire de et excellent Curé qui a administré la paroisse pendant 21 ans de 1963 à 1984. 3 mai&nbsp;: Eucharistie solennelle pour commémorer les 75 ans de [&hellip;]</p>
