{"id":37,"date":"2021-05-07T17:13:58","date_gmt":"2021-05-07T17:13:58","guid":{"rendered":"http:\/\/127.0.0.1\/OMI%20HAITI\/?page_id=37"},"modified":"2023-02-21T13:28:31","modified_gmt":"2023-02-21T13:28:31","slug":"congres","status":"publish","type":"page","link":"https:\/\/omihaiti.org\/index.php\/congres\/","title":{"rendered":"Congr\u00e8s"},"content":{"rendered":"\n<p><strong>Congr\u00e8s 2018  <\/strong><br><a href=\"https:\/\/omihaiti.org\/index.php\/613-2\/\">Lire le rapport du Congr\u00e8s du 2 au 5 janvier 2018  <\/a><br><a href=\"https:\/\/omihaiti.org\/index.php\/616-2\/\">Lire le message du Congr\u00e8s du 2 au 5 janvier 2018 <\/a><\/p>\n\n\n\n<p><\/p>\n\n\n\n<p><\/p>\n\n\n\n<p><strong>Congr\u00e8s 2019 <\/strong><br><a href=\"jhttps:\/\/omihaiti.org\/index.php\/616-2\/\">Lire le compte rendu du congr\u00e8s du 7 au 10\u00a0 janvier 2019<\/a> <\/p>\n\n\n\n<p><\/p>\n\n\n\n<p><strong>Congr\u00e8s 2020<\/strong> <br>Il n\u2019y a pas eu de congr\u00e8s en&nbsp; janvier 2020 \u00e0 cause du climat d\u2019ins\u00e9curit\u00e9 du pays <\/p>\n\n\n\n<p><\/p>\n\n\n\n<p><strong>Congr\u00e8s 2021<\/strong> <br><a href=\"https:\/\/omihaiti.org\/index.php\/627-2\/\">Lire le compte rendu du congr\u00e8s du 4 au 8\u00a0 janvier 2021 <\/a><\/p>\n\n\n\n<p><\/p>\n\n\n\n<p><strong>Congr\u00e8s 2022<\/strong> <br>\u00c0 cause de la situation du pays, le Conseil provincial n\u2019a pas pr\u00e9vu de congr\u00e8s en 2022 <\/p>\n\n\n\n<p><\/p>\n\n\n\n<p><strong>Congr\u00e8s 2023<\/strong>  <br>Le Congr\u00e8s planifi\u00e9 par le Conseil provincial pour les 3 au 6 janvier 2023 a \u00e9t\u00e9 annul\u00e9 par le Provincial pour raison d\u2019ins\u00e9curit\u00e9. <\/p>\n\n\n\n<p><\/p>\n","protected":false},"excerpt":{"rendered":"<p>Congr\u00e8s 2018 Lire le rapport du Congr\u00e8s du 2 au 5 janvier 2018 Lire le message du Congr\u00e8s du 2 au 5 janvier 2018 Congr\u00e8s 2019 Lire le compte rendu du congr\u00e8s du 7 au 10\u00a0 janvier 2019 Congr\u00e8s 2020 Il n\u2019y a pas eu de congr\u00e8s en&nbsp; janvier 2020 \u00e0 cause du climat d\u2019ins\u00e9curit\u00e9 [&hellip;]<\/p>\n","protected":false},"author":1,"featured_media":0,"parent":0,"menu_order":0,"comment_status":"closed","ping_status":"closed","template":"","meta":{"footnotes":""},"class_list":["post-37","page","type-page","status-publish","hentry"],"_links":{"self":[{"href":"https:\/\/omihaiti.org\/index.php\/wp-json\/wp\/v2\/pages\/37","targetHints":{"allow":["GET"]}}],"collection":[{"href":"https:\/\/omihaiti.org\/index.php\/wp-json\/wp\/v2\/pages"}],"about":[{"href":"https:\/\/omihaiti.org\/index.php\/wp-json\/wp\/v2\/types\/page"}],"author":[{"embeddable":true,"href":"https:\/\/omihaiti.org\/index.php\/wp-json\/wp\/v2\/users\/1"}],"replies":[{"embeddable":true,"href":"https:\/\/omihaiti.org\/index.php\/wp-json\/wp\/v2\/comments?post=37"}],"version-history":[{"count":10,"href":"https:\/\/omihaiti.org\/index.php\/wp-json\/wp\/v2\/pages\/37\/revisions"}],"predecessor-version":[{"id":630,"href":"https:\/\/omihaiti.org\/index.php\/wp-json\/wp\/v2\/pages\/37\/revisions\/630"}],"wp:attachment":[{"href":"https:\/\/omihaiti.org\/index.php\/wp-json\/wp\/v2\/media?parent=37"}],"curies":[{"name":"wp","href":"https:\/\/api.w.org\/{rel}","templated":true}]}}

Congrès

<p><strong>Congrès 2018  </strong><br><a href="https://omihaiti.org/index.php/613-2/">Lire le rapport du Congrès du 2 au 5 janvier 2018  </a><br><a href="https://omihaiti.org/index.php/616-2/">Lire le message du Congrès du 2 au 5 janvier 2018 </a></p>



<p></p>



<p></p>



<p><strong>Congrès 2019 </strong><br><a href="jhttps://omihaiti.org/index.php/616-2/">Lire le compte rendu du congrès du 7 au 10  janvier 2019</a> </p>



<p></p>



<p><strong>Congrès 2020</strong> <br>Il n’y a pas eu de congrès en&nbsp; janvier 2020 à cause du climat d’insécurité du pays </p>



<p></p>



<p><strong>Congrès 2021</strong> <br><a href="https://omihaiti.org/index.php/627-2/">Lire le compte rendu du congrès du 4 au 8  janvier 2021 </a></p>



<p></p>



<p><strong>Congrès 2022</strong> <br>À cause de la situation du pays, le Conseil provincial n’a pas prévu de congrès en 2022 </p>



<p></p>



<p><strong>Congrès 2023</strong>  <br>Le Congrès planifié par le Conseil provincial pour les 3 au 6 janvier 2023 a été annulé par le Provincial pour raison d’insécurité. </p>



<p></p>

<p>Congrès 2018 Lire le rapport du Congrès du 2 au 5 janvier 2018 Lire le message du Congrès du 2 au 5 janvier 2018 Congrès 2019 Lire le compte rendu du congrès du 7 au 10  janvier 2019 Congrès 2020 Il n’y a pas eu de congrès en&nbsp; janvier 2020 à cause du climat d’insécurité [&hellip;]</p>
